-4*s + 2. Calculate the highest common divisor of 12 and v.
4
Let f be 78/10 - (-1)/5. What is the greatest common divisor of 72 and f?
8
Let w be (-98)/(-6) - 13/39. Calculate the highest common factor of 2 and w.
2
Let w(v) be the third derivative of v**4/4 - 7*v**3/6 - 5*v**2. Let u be w(4). What is the greatest common divisor of 51 and u?
17
Suppose 0*g - g + 36 = 0. Suppose -4*n = -2*n - 3*b - 39, 5*n = -2*b + 50. What is the greatest common divisor of n and g?
12
Suppose 3*j + 372 = 5*f, -2*f + 3*j + 212 = 56. Let t be (-187)/(-22) - 2/(-4). Calculate the highest common factor of f and t.
9
Suppose 4*u - 12 - 80 = -4*t, 0 = -2*t + 5*u + 18. Suppose -o = 2*i - 2 - 27, i + 5*o = t. Calculate the highest common divisor of i and 56.
14
Suppose 3*h - 44 = -5*j - h, 3*j - 29 = -5*h. Suppose 4*y - 46 = 2*d, j*d = -3*y + 3*d + 41. What is the greatest common factor of y and 132?
12
Let p be (-1)/(-3)*(-21 - -9). Let k = 8 + p. What is the highest common divisor of 44 and k?
4
Let w = 18 - -1. What is the highest common factor of 95 and w?
19
Let r be (-1152)/(-30) - 2/5. Calculate the highest common factor of r and 152.
38
Let m(q) = -q**2 - 12*q - 8. Let f be m(-10). Suppose 0 = 2*x - 48. Calculate the highest common divisor of f and x.
12
Suppose 5*d + 2*s + 44 = -s, -4*d - 2*s - 34 = 0. Let m = d - -11. Calculate the highest common factor of m and 16.
4
Suppose 12 = 3*a, -4*s = -0*s - 4*a. Suppose -5*k + c = -24, 19 + 1 = s*k - c. What is the highest common divisor of 4 and k?
4
Let y be (-2)/(-3) + 39/9. Let n be (-2)/y + 108/20. Suppose -5*p + 3*p + 8 = -u, -3*u = 2*p + 8. What is the highest common factor of n and p?
1
Let u = 11 - 16. Let i be (-2256)/u - (-3)/(-15). Let f = -220 + i. What is the highest common divisor of f and 21?
21
Suppose 90 - 410 = -4*b. Let x(v) = -v**2 - 10*v - 6. Let k be 12/(-2) + -3 + 1. Let i be x(k). Calculate the highest common factor of i and b.
10
Suppose 5*c + 5 = -4*q + 23, q = -5*c + 27. Suppose f + 303 = 3. Let a be (3/4)/((-15)/f). What is the greatest common factor of a and c?
3
Suppose -k = 18 - 59. Suppose 0 = -w + 2*w - k. Suppose -w = -b - 1. Calculate the greatest common divisor of 8 and b.
8
Suppose 11 = 3*a + 2. Suppose -3 = -3*o, -a*k + 0*k - 3*o + 24 = 0. Suppose -3*d = 2*d - 20, 76 = 2*n - 2*d. Calculate the greatest common factor of k and n.
7
Let w(b) = b**2 - 13*b - 8. Let o be w(14). Let z = -3 - -2. Let i be 4*((-2)/4 - z). What is the highest common factor of i and o?
2
Suppose -5*g + 31 = -3*l, -3*g + 0*g - 5*l = -5. Suppose -g*i + 2*i = -60. Calculate the highest common factor of i and 10.
10
Let n = 189 + -183. Suppose 3*k = x - 69, -x + 2*k + 52 + 12 = 0. What is the greatest common factor of n and x?
6
Let q be (-7 + 0)*(-240)/28. Let g(b) = -b**3 - 2*b**2 - b. Let u be g(-3). What is the highest common divisor of q and u?
12
Let j = 204 + -124. What is the greatest common factor of 16 and j?
16
Suppose -5*a - c + 4*c = -1190, c = 5*a - 1190. What is the highest common divisor of a and 34?
34
Let p be (-129)/(-9) + (-4)/(-6). Suppose 2*y - p = 3*u, 9 = -2*u + 5*u. Let n = 116 + -68. Calculate the highest common divisor of n and y.
12
Suppose 0 = -5*g + 2*g - 2*n + 657, 5*n - 15 = 0. Suppose -7*b + 5*b = o - 38, 5*o = -b + g. Let m = -6 + 10. Calculate the greatest common divisor of m and o.
4
Suppose -4*l = -85 - 3. Calculate the highest common divisor of 11 and l.
11
Suppose 46 + 24 = 5*m. What is the greatest common divisor of m and 21?
7
Let c be 68/6 + (-4)/(-6). Let l = -6 + 4. Let r be l/(-3) + 34/3. What is the greatest common divisor of r and c?
12
Let b = 794 + -1277. Let m = -308 - b. Calculate the highest common divisor of 35 and m.
35
Suppose 2*p + 758 = 3*y, 5*y + 5*p - 499 = 3*y. What is the highest common divisor of y and 36?
36
Let n be 3*2*56/12. Let p = n + -10. Calculate the highest common factor of 144 and p.
18
Let f be (24/(-14))/((-9)/63). Let l(t) = 2*t**2 - 5*t - 6. Let n be l(-6). Calculate the greatest common factor of n and f.
12
Let u = -77 - -193. What is the highest common divisor of 174 and u?
58
Suppose -6*g = -4*g - 10. What is the greatest common factor of 5 and g?
5
Let m = 20 - 10. Calculate the greatest common divisor of m and 80.
10
Let u = 652 + -418. What is the greatest common factor of u and 26?
26
Let f = 288 + -158. Suppose -v - f = -3*v. What is the greatest common factor of 13 and v?
13
Suppose 2*f + 5*u - 437 = 0, 4*f + 5*u = -f + 1085. Let x = -126 + f. What is the highest common divisor of x and 10?
10
Let i(a) = -2*a + 2. Let o be i(-6). Suppose 5*p - 242 = 108. Calculate the greatest common factor of o and p.
14
Let i = 123 - 117. Calculate the greatest common divisor of 24 and i.
6
Let k = -12 + 12. Suppose -3*u + 16 + 50 = k. Calculate the highest common factor of u and 2.
2
Suppose -8*z = -10*z + 4. What is the greatest common divisor of 2 and z?
2
Suppose 2*p - 5*p + 60 = 0. Let v = 92 - p. Calculate the highest common divisor of v and 8.
8
Suppose 0 = a + 7 - 23. Calculate the greatest common divisor of a and 8.
8
Suppose -z - 2*z = -84. Let h(y) = 3*y**3 - 4*y**2 - 4*y + 1. Let k be h(-3). Let s = 174 + k. Calculate the highest common divisor of z and s.
14
Let i be 16/(-6)*-3 + -2. Let g be (3 + -2)*2 + 1. What is the greatest common factor of g and i?
3
Let r = 137 + -91. Let z = 595 + -480. Calculate the highest common divisor of r and z.
23
Suppose -m = -25 + 3. Let k = 323 + -169. Calculate the greatest common divisor of k and m.
22
Let x(p) = -p + 5. Let n be x(4). Suppose 5*l + 3 = 2*k, -3*k + 30 = -k + 4*l. Calculate the greatest common divisor of k and n.
1
Let g(d) = -5*d**3 - 2*d - 1. Let z be g(-1). Suppose -15 = 3*j - 0. Let a be (18/j)/((-3)/20). What is the highest common divisor of a and z?
6
Suppose -28 = -4*v - 0*v + 4*a, -a = 5*v - 17. Suppose -f = 4*s - 16, f - 40 = -0*f + 4*s. Calculate the highest common factor of v and f.
4
Let v(k) = 23*k + 1. Let u(j) = j**3 - 10*j**2 - 12*j + 12. Let t be u(11). Let n be v(t). What is the greatest common factor of 168 and n?
24
Let b(c) = -c**2 + 10*c - 6. Let l = 20 + -13. Let f be b(l). Calculate the highest common factor of 105 and f.
15
Let o = -5 - -8. Let k be 11/2*6/o. What is the highest common factor of 77 and k?
11
Let i be (29/4 - (-14)/(-56)) + -1. Calculate the highest common factor of 24 and i.
6
Let x(g) = g**3 + 5*g**2 - 6*g + 4. Let m be x(-6). Let t be 3 - (-10 + (-3)/(-1)). Calculate the highest common divisor of m and t.
2
Let w = 4 - -1. Suppose g - 2*g + n + 7 = 0, 4*g + w*n = 1. What is the greatest common divisor of 4 and g?
4
Let y(j) = -j - 3. Let q be y(-6). Suppose -2*u = -q*l - 1, 2*l = -4*u + 9 + 1. What is the highest common divisor of u and 2?
2
Let z = 69 - -1. Let y be (336/3)/8 - 4. What is the highest common divisor of y and z?
10
Let l be (-892)/(-20) - 4/(-10). Calculate the greatest common divisor of 15 and l.
15
Let z(r) = r**2 + r + 1. Let m(q) = -q**3 - 6*q**2 - q - 6. Let p(f) = m(f) + 2*z(f). Let j be p(-5). What is the highest common divisor of 176 and j?
16
Suppose -o - 3*f = 0, -4*o + f + 28 = -2*o. What is the highest common factor of o and 6?
6
Suppose 27 + 23 = -5*x. Let n = -6 - x. What is the highest common divisor of 16 and n?
4
Suppose 5*i = -5*v + 260, v - 13 - 39 = 5*i. What is the highest common divisor of v and 52?
52
Let m = -5 - -8. Suppose -20 = -7*b + 2*b. Suppose -18 = -b*f + f. What is the greatest common factor of m and f?
3
Suppose 0*l = -3*l + 6. Suppose p + l = -p. Let d be p + 3 - (-10)/1. What is the highest common factor of d and 132?
12
Let t(j) = -3*j - 9. Let l be 4/6*3/1. Let a = l + -11. Let o be t(a). What is the greatest common divisor of 54 and o?
18
Let r = 178 - 443. Let v = -148 - r. Let l = -61 + v. What is the highest common divisor of l and 14?
14
Let y = 201 - 110. Calculate the highest common divisor of y and 13.
13
Let w(i) = -i**3 + 7*i**2 + 3*i + 4. Let k be w(7). What is the highest common factor of 5 and k?
5
Let a be ((-28)/(-8) - 3)*16. What is the greatest common divisor of 2 and a?
2
Suppose 3*y = 6*y - 135. Let z(u) = 2*u**2 - 5*u - 3. Let k be z(-3). Calculate the highest common divisor of k and y.
15
Let i(p) = -p**3 - 9*p**2 + 12*p - 3. Let g be i(-10). Let z = 